 prime factors of 255312.
2, 3, 197
List the prime factors of 87905.
5, 17581
List the prime factors of 4609586.
2, 2304793
What are the prime factors of 123277?
7, 11, 1601
What are the prime factors of 10410710?
2, 5, 29, 35899
List the prime factors of 5885061.
3, 7, 13, 21557
List the prime factors of 68545.
5, 13709
What are the prime factors of 2820513?
3, 23, 41, 997
List the prime factors of 528049.
113, 4673
What are the prime factors of 22727341?
7, 13, 137, 1823
What are the prime factors of 2985000?
2, 3, 5, 199
List the prime factors of 927987.
3, 181, 1709
List the prime factors of 3506268.
2, 3, 37, 53, 149
What are the prime factors of 1477414?
2, 738707
What are the prime factors of 945495?
3, 5, 21011
What are the prime factors of 6353178?
2, 3, 13, 47, 1733
List the prime factors of 11909982.
2, 3, 7, 283571
List the prime factors of 77749.
7, 29, 383
What are the prime factors of 565498?
2, 433, 653
List the prime factors of 260174.
2, 130087
What are the prime factors of 721237?
11, 173, 379
What are the prime factors of 483078?
2, 3, 80513
What are the prime factors of 2030088?
2, 3, 251, 337
List the prime factors of 76696.
2, 9587
List the prime factors of 2552729.
2552729
List the prime factors of 85499.
193, 443
List the prime factors of 545908.
2, 11, 19, 653
List the prime factors of 83339.
83339
List the prime factors of 1778333.
61, 29153
What are the prime factors of 128968?
2, 7, 47
What are the prime factors of 564523?
564523
List the prime factors of 10909320.
2, 3, 5, 90911
List the prime factors of 9746851.
97, 100483
What are the prime factors of 839402?
2, 419701
What are the prime factors of 3591422?
2, 353, 5087
What are the prime factors of 26369598?
2, 3, 83, 52951
List the prime factors of 1932926.
2, 966463
What are the prime factors of 9553522?
2, 11, 227, 1913
List the prime factors of 1141665.
3, 5, 7, 83, 131
List the prime factors of 177631.
19, 9349
What are the prime factors of 81071?
81071
What are the prime factors of 3160354?
2, 1580177
What are the prime factors of 91307?
17, 41, 131
What are the prime factors of 198887?
13, 15299
List the prime factors of 1139544.
2, 3, 7, 17, 19
List the prime factors of 7703682.
2, 3, 7, 26203
List the prime factors of 772137.
3, 85793
What are the prime factors of 197697?
3, 65899
List the prime factors of 1438133.
389, 3697
List the prime factors of 127687.
7, 17, 29, 37
List the prime factors of 8916801.
3, 23, 129229
List the prime factors of 707213.
13, 54401
List the prime factors of 4428147.
3, 97, 15217
List the prime factors of 101720.
2, 5, 2543
List the prime factors of 599496.
2, 3, 24979
What are the prime factors of 113407?
7, 17, 953
List the prime factors of 3374296.
2, 17, 43, 577
List the prime factors of 1324616.
2, 23, 313
List the prime factors of 2665054.
2, 7, 19, 43, 233
List the prime factors of 35965.
5, 7193
What are the prime factors of 31086?
2, 3, 11, 157
List the prime factors of 6016019.
6016019
What are the prime factors of 5471509?
5471509
What are the prime factors of 622036?
2, 155509
List the prime factors of 947037.
3, 7, 13, 3469
What are the prime factors of 5106235?
5, 239, 4273
List the prime factors of 15845395.
5, 1321, 2399
What are the prime factors of 629495?
5, 125899
List the prime factors of 2061621.
3, 397, 577
List the prime factors of 15775084.
2, 13, 303367
What are the prime factors of 3757?
13, 17
List the prime factors of 6163691.
127, 48533
What are the prime factors of 3094907?
3094907
What are the prime factors of 75288?
2, 3, 3137
What are the prime factors of 5422944?
2, 3, 56489
List the prime factors of 527626.
2, 11, 29, 827
What are the prime factors of 65884?
2, 7, 13, 181
What are the prime factors of 140692?
2, 17, 2069
What are the prime factors of 383418?
2, 3, 7, 17, 179
List the prime factors of 62617.
62617
What are the prime factors of 19201861?
7, 223, 12301
What are the prime factors of 39297395?
5, 599, 13121
List the prime factors of 242224.
2, 15139
List the prime factors of 8936300.
2, 5, 89363
What are the prime factors of 5311885?
5, 139, 7643
List the prime factors of 5840591.
67, 179, 487
List the prime factors of 201988.
2, 50497
List the prime factors of 1491501.
3, 11, 45197
List the prime factors of 106257.
3, 35419
List the prime factors of 8343974.
2, 17, 245411
List the prime factors of 347133.
3, 251, 461
What are the prime factors of 194480?
2, 5, 11, 13, 17
What are the prime factors of 1615739?
1615739
What are the prime factors of 188668?
2, 101, 467
List the prime factors of 929813.
929813
List the prime factors of 314617.
23, 13679
List the prime factors of 301173.
3, 100391
What are the prime factors of 966427?
7, 11, 163
What are the prime factors of 155943?
3, 17327
What are the prime factors of 834547?
7, 17, 7013
What are the prime factors of 111645?
3, 5, 827
List the prime factors of 666952.
2, 11, 13, 53
What are the prime factors of 1129835?
5, 7, 19, 1699
What are the prime factors of 371907?
3, 31, 43
List the prime factors of 16057753.
127, 227, 557
What are the prime factors of 5866146?
2, 3, 11, 13, 43, 53
What are the prime factors of 12495035?
5, 7, 79, 4519
List the prime factors of 360955.
5, 7, 10313
What are the prime factors of 438015?
3, 5, 29201
List the prime factors of 340110.
2, 3, 5, 3779
List the prime factors of 1001935.
5, 11, 18217
List the prime factors of 1039493.
7, 13, 11423
What are the prime factors of 306930?
2, 3, 5, 13, 787
List the prime factors of 1678967.
223, 7529
List the prime factors of 614341.
7, 13, 43, 157
List the prime factors of 60384.
2, 3, 17, 37
List the prime factors of 241575.
3, 5, 3221
List the prime factors of 25491800.
2, 5, 197, 647
List the prime factors of 1664953.
431, 3863
List the prime factors of 955647.
3, 7, 11, 197
List the prime factors of 1871562.
2, 3, 7, 11, 4051
What are the prime factors of 118717?
118717
What are the prime factors of 299081?
17, 73, 241
What are the prime factors of 17123425?
5, 11, 71, 877
What are the prime factors of 645972?
2, 3, 53831
List the prime factors of 254626.
2, 17, 7489
List the prime factors of 2024395.
5, 113, 3583
What are the prime factors of 7034003?
7034003
What are the prime factors of 138407?
138407
What are the prime factors of 3146621?
389, 8089
What are the prime factors of 567779?
567779
What are the prime factors of 183397?
183397
List the prime factors of 121667.
7, 13, 191
List the prime factors of 463522.
2, 17, 13633
List the prime factors of 2349167.
37, 173, 367
What are the prime factors of 469896?
2, 3, 7, 2797
List the prime factors of 728386.
2, 364193
What are the prime factors of 399455?
5, 7, 101, 113
List the prime factors of 10819983.
3, 3606661
List the prime factors of 202334.
2, 11, 17, 541
What are the prime factors of 701877?
3, 11, 21269
List the prime factors of 113148.
2, 3, 7, 449
What are the prime factors of 451168?
2, 23, 613
What are the prime factors of 162887?
19, 8573
List the prime factors of 4699289.
7, 19, 89, 397
What are the prime factors of 1129647?
3, 37, 10177
What are the prime factors of 7561533?
3, 7, 51439
List the prime factors of 545930.
2, 5, 7, 11, 709
List the prime factors of 242253.
3, 11, 2447
What are the prime factors of 4041210?
2, 3, 5, 134707
List the prime factors of 5041384.
2, 17, 19, 1951
What are the prime factors of 646835?
5, 7, 18481
List the prime factors of 8419380.
2, 3, 5, 23, 6101
What are the prime factors of 5253027?
3, 13, 797
List the prime factors of 2436902.
2, 13, 19, 4933
List the prime factors of 4552332.
2, 3, 37, 10253
List the prime factors of 678050.
2, 5, 71, 191
List the prime factors of 1466509.
11, 133319
What are the prime factors of 5862092?
2, 1465523
What are the prime factors of 98174?
2, 191, 257
List the prime factors of 6807620.
2, 5, 340381
List the prime factors of 263146.
2, 13, 29, 349
What are the prime factors of 14745496?
2, 541, 3407
What are the prime factors of 6527962?
2, 7, 466283
List the prime factors of 128222.
2, 61, 1051
What are the prime factors of 6976994?
2, 29, 120293
List the prime factors of 3139703.
7, 313, 1433
What are the prime factors of 323752?
2, 11, 13, 283
List the prime factors of 929521.
677, 1373
List 